
8
Let p be ((-30)/(-45))/(2/243). Calculate the greatest common divisor of p and 9.
9
Let t = -28 + 58. Let c(f) = -f**3 + 5*f**2 + 5*f - 6. Let q be c(4). Let j be (t/9)/(4/q). What is the highest common factor of 5 and j?
5
Let k(q) = -8*q - 1. Let o be k(-1). Let m = o + -5. Calculate the greatest common factor of m and 2.
2
Let u(z) = -z**3 + 19*z**2 + 6*z + 46. Let i be u(19). Calculate the highest common factor of 32 and i.
32
Let i = 16 - 10. Let y(c) = -c + 19. Let g be y(i). What is the highest common divisor of 65 and g?
13
Suppose -5*u + 40 + 10 = 0. Suppose 2*v + 3*v = 2*z - 30, 3*v - z = -17. Let q be (-4 - v) + 1*4. What is the greatest common factor of u and q?
2
Let b(h) = -h**3 + 6*h**2 - 3*h - 7. Let d be b(5). Suppose i - 360 = -d*i. Calculate the greatest common factor of i and 36.
18
Let z(i) be the second derivative of i**4/12 - 5*i**3/6 - 2*i**2 + 4*i. Let d be z(-7). Calculate the highest common factor of d and 20.
20
Let w be (-1154)/(-10) + 4/(-10). What is the highest common factor of w and 46?
23
Let a = -12 + 17. Calculate the greatest common factor of a and 5.
5
Let n(k) = -2*k - k + 2*k**3 - 3*k**3 - 3*k**2 - 3. Let w be n(-2). Let y be (w - -2 - -1)*4. What is the highest common divisor of y and 2?
2
Let d = -23 + 29. Calculate the greatest common factor of d and 42.
6
Let q = -21 - -29. Suppose 4*t - 5*t + 4*a = 8, -3*t - a + 28 = 0. What is the greatest common divisor of t and q?
8
Suppose -4*s + 6*s = 12. What is the greatest common factor of s and 54?
6
Suppose 5*m - 6*m = 0. Suppose 2*b - 6 = m, 3*w + 2*b - 3*b = 33. Suppose 3*u - 150 = -2*u. Calculate the highest common divisor of w and u.
6
Let o = -31 + 32. Let v(k) = 5*k - 8. Let r(w) = -w**2 + w - 1. Let h(p) = r(p) - v(p). Let y be h(-5). Calculate the greatest common divisor of o and y.
1
Let r be 2/(-7) + 32/14. Suppose j + 40 = 4*b - 20, -r*b + 3*j + 30 = 0. Let y be 453/15 + (-3)/b. Calculate the greatest common factor of 20 and y.
10
Let l be (-3 - -28)*(-3)/(-5). Let x = l - 2. What is the highest common factor of x and 13?
13
Suppose 7*o = 2*o + 40. What is the highest common factor of o and 200?
8
Let q = 6 + 12. Let f = 5 - q. Let a = f - -47. What is the greatest common divisor of a and 85?
17
Suppose 0*s - 16 = -4*s, 172 = 3*w + s. What is the greatest common divisor of w and 112?
56
Suppose 3*r - 5*p = 641, 3*r - 614 - 11 = p. Let m(f) = f**3 + 5*f**2 - 3*f - 4. Let d be m(-3). Calculate the greatest common factor of r and d.
23
Suppose 0 = -2*t - 3*i - 2*i - 6, 2*i = 2*t - 8. What is the highest common divisor of t and 18?
2
Suppose 371 = 4*s + p - 25, 0 = 4*s - 5*p - 372. Calculate the highest common divisor of s and 14.
14
Suppose -18*z = -20*z + 52. What is the highest common divisor of z and 286?
26
Let w(v) = -v**2 - 16*v + 7. Let s be w(-7). Suppose -c - 70 = -5*j, 2*j - 5*c + 4 - 32 = 0. What is the greatest common factor of j and s?
14
Let m(h) = -8*h - 1. Let i be m(-2). Calculate the highest common divisor of i and 10.
5
Suppose -10*j + 9*j + 12 = 0. Calculate the greatest common divisor of j and 36.
12
Suppose -2*d - 5*m + 37 = 0, -4*m + 5*m - 5 = 0. Calculate the greatest common divisor of d and 42.
6
Suppose -2*x = -346 + 74. Let m = -37 + 61. Suppose -3*h + m = -27. Calculate the greatest common divisor of h and x.
17
Let s(z) = 8*z + 1 + 10*z + 2*z. Let o be s(4). Calculate the greatest common divisor of 9 and o.
9
Let y(l) = 4*l - 2. Let n be y(2). Suppose -n*r + 3*r = -45. Suppose -o = -x + 20, 4*o - 50 = -4*x + 2*o. Calculate the greatest common divisor of r and x.
15
Let j be (-19)/(-4) + 1/4. Suppose 0 = -j*q + 2*q + 3. Let z = 1 + q. Calculate the highest common divisor of z and 14.
2
Suppose -v - 93 = 2*v. Let j = v - -51. What is the highest common factor of 180 and j?
20
Let m = -3 - -3. Suppose -y + 4 + 2 = m. Suppose y + 1 = d. What is the greatest common divisor of d and 1?
1
Let t(c) = -2*c - 9. Let l be t(-6). Suppose l*z + 105 = 6*z. Calculate the highest common divisor of 7 and z.
7
Let c(f) = 4*f**2 - 12. Let z be c(-4). What is the highest common factor of 13 and z?
13
Let y = -30 + 32. Calculate the highest common divisor of 8 and y.
2
Suppose -c + 6 = 1. Suppose -c*k - 4*d = -40, 4*k + k = 3*d + 75. Let p = -14 - -50. Calculate the greatest common factor of p and k.
12
Suppose -113 = -4*r - 3*p, 0 = r + 3*p - 13 - 4. Suppose -4*o + b - r = -5*o, b = -4*o + 122. Calculate the highest common divisor of 10 and o.
10
Suppose 58 = 6*d - 140. What is the highest common factor of d and 11?
11
Suppose -m + 26 = -4. Calculate the greatest common divisor of 10 and m.
10
Let q = -146 + 242. What is the greatest common divisor of 32 and q?
32
Let c be (-3)/(-2) - 3/(-6). Suppose 197 = 5*g + c*h - 15, 4*h = 2*g - 80. What is the highest common divisor of g and 7?
7
Suppose 4*i = 12 - 4. Let v be 2 + 1 - (i - 1). Let r be (-8 - -1)*(v - 7). What is the highest common factor of 14 and r?
7
Let j = -71 - -101. Calculate the highest common divisor of 240 and j.
30
Let r = 45 + 45. Let h(g) = -g**3 - g**2 + g + 10. Let c be h(0). Calculate the greatest common divisor of c and r.
10
Let x be -4*1*8/(-4). Let r be (3 + -1 - 1)*x. Let z(y) = y**3 - y**2 + y + 32. Let l be z(0). What is the greatest common factor of l and r?
8
Let s be 16/9 - 18/(-81). What is the highest common factor of 1 and s?
1
Let t be (-4)/1*13/(-4). Let o be 3*-1 + t + -2. What is the highest common factor of 88 and o?
8
Suppose a + b + 29 = -3*a, -3*a + 7 = -5*b. Suppose 2*n - 4 = 0, 2*o + 4*n - 67 = -23. Let t = a + o. Calculate the highest common divisor of t and 12.
12
Suppose 6*v - 56 = -2*v. What is the greatest common divisor of 7 and v?
7
Let x(l) = -5*l**2 + l. Let b be x(1). Let a = b + 130. Suppose w - a = -w. Calculate the greatest common divisor of w and 9.
9
Suppose 0 = 5*c + 5*f - 670, 0 = 4*c - 5*c - 4*f + 140. What is the highest common divisor of c and 12?
12
Let s(o) = -2*o + 27. Let u be s(4). What is the highest common divisor of 19 and u?
19
Let w = 103 - -23. Let n = 16 - -13. Suppose -n + 1 = -2*h. What is the highest common divisor of w and h?
14
Let z(i) = i**3 - 11*i**2 + i - 13. Let n be z(12). Calculate the highest common factor of 13 and n.
13
Let t(p) = 3*p**3 + 2*p**2 - 14*p + 8. Let c be t(4). What is the greatest common factor of 22 and c?
22
Let y = -5 + 7. Suppose -2*q = -y*t, -4*q + 5*t = 6 - 4. Let g(p) = p - 3. Let d be g(8). Calculate the greatest common factor of d and q.
1
Suppose 3*v + 2*i - 5 = 4, 4*i = v - 17. Let m(w) = -w**3 + 5*w**2 + 3*w - 4. Let f be m(v). What is the greatest common factor of f and 11?
11
Suppose 65 + 7 = 3*q. What is the greatest common factor of q and 16?
8
Let v be 5 - (3 - (-1 - -2)). Let b(m) = -m**2 + 20. Let p be b(0). Suppose -p = -v*c + 10. What is the highest common factor of c and 2?
2
Suppose -7*d + 25 = -2*d. What is the highest common divisor of d and 25?
5
Suppose -x = -5*x - 32. Let n be ((-8)/2)/((-6)/(-39)). Let d be 4/(x/n)*2. Calculate the greatest common factor of 13 and d.
13
Suppose -3*h = -y + 12 - 1, -3*h + 33 = 3*y. Calculate the highest common divisor of 121 and y.
11
Let k be 130/10*(5 - 2). Calculate the highest common divisor of 117 and k.
39
Suppose -25*p + 30*p = 100. Calculate the greatest common factor of 100 and p.
20
Let q = -18 + 48. Calculate the highest common divisor of q and 45.
15
Let x be ((-3)/9)/((-3)/450). What is the greatest common divisor of x and 25?
25
Suppose p = 5*j - 7, 0 = 2*j + 5*p + 2 - 21. Let x be -1 - (33 + 1 + j). Let n = 67 + x. What is the highest common divisor of 6 and n?
6
Let u(y) = -1088*y**3 - y**2. Let o be u(1). Let q be (6/(-9))/(6/o). What is the greatest common factor of q and 11?
11
Let p = 49 + -38. Calculate the greatest common factor of 33 and p.
11
Let t = 67 - 32. Suppose -25 - 10 = -5*o. Calculate the highest common divisor of t and o.
7
Suppose 4*q + 84 = 6*q. Suppose 0 = 3*f - q. What is the highest common divisor of f and 98?
14
Let a(d) = d**3 - 7*d**2 - 4*d - 7. Let l be a(9). What is the greatest common factor of l and 17?
17
Let z(l) = l + 11. Suppose 9 = -5*v + 4*v. Let b be z(v). Suppose 0*i = -b*i + 16. Calculate the greatest common divisor of 12 and i.
4
Suppose -5*w + 6*w - 91 = 0. What 